me factors of f.
3, 17
Let v = -4 - -4. Suppose v = -3*k + 11 + 22. List the prime factors of k.
11
Suppose -4*z + 9585 = -3*z. What are the prime factors of z/195 + 4/(-26)?
7
Let p(n) = -n**2 + 12*n - 7. Let f be p(11). Suppose -104 = -8*u + f*u. List the prime factors of u.
2, 13
Suppose -5*f - 2 + 7 = 0. List the prime factors of f*(0 - -38) + 2.
2, 5
What are the prime factors of (31/(-3))/(2 - 49/21)?
31
Let p(b) = -b**3 - 6*b**2 - 7*b - 4. Let y be p(-6). Suppose 3*z - 7 - y = 0. What are the prime factors of z?
3, 5
Let u = 6 - 1. Suppose -3*m - 7 = -c, -c + 3*c + 3*m - u = 0. List the prime factors of (4 - 1)/(3/c).
2
Suppose 17*i - 72 = 14*i. What are the prime factors of i?
2, 3
Let l(q) be the first derivative of 3 + q**2 - 2*q - 5 + 4. What are the prime factors of l(7)?
2, 3
Let l(x) = 7 - 4*x + 14*x - 8*x. What are the prime factors of l(8)?
23
Let o(b) = -5*b + 6. List the prime factors of o(-9).
3, 17
Suppose -1 = -2*z + p + 10, 4*z = p + 23. Let d(r) = z + 6*r + 0*r - 5*r. What are the prime factors of d(-4)?
2
Suppose -2*r + 1 = -7. Let c be 4*1*1/r. What are the prime factors of c/(-1) + 1 - -15?
3, 5
Suppose 3*q - 12 = -3*c, 0 = 2*q + 3*q - 10. Suppose 0 = -3*p + 4*l + 84, 3*p - 2*l = -c*p + 126. Suppose 2*a = -a + p. List the prime factors of a.
2
Let p(u) = -3*u - 1. Let g be p(-1). What are the prime factors of ((-12)/(-15))/(g/5)?
2
Suppose 0 = -2*y + 3*b + 341, 3*b - 3 = 6*b. List the prime factors of y.
13
Let d = 10 + -8. Suppose k - s - 7 = -k, 0 = 2*k + 2*s + d. What are the prime factors of k?
2
Suppose -2*o = 5*m - 4*o - 176, 5*m - 4*o - 172 = 0. Let p = m + -6. What are the prime factors of p?
2, 3, 5
Suppose -c + 4 = 0, 5*c - 107 = 4*f - 427. What are the prime factors of f?
5, 17
Let i(k) = -k**3 - 9*k**2 - 9*k - 7. Let g be i(-8). Let m(n) = -3*n + 0*n**2 + g - 2*n**2 + 6*n**2. What are the prime factors of m(2)?
11
Suppose -3*x + 5*r + 616 = 0, -5*r + 6 = 1. What are the prime factors of x?
3, 23
Let u(p) = 29*p - 2. Suppose y = -2*o - 2, 3*o = -2*o + y + 9. List the prime factors of u(o).
3
Let m be (-2)/(-10) - 24/(-5). Suppose 2 + 28 = m*a. Suppose -3*p + 2*p + a = 0. What are the prime factors of p?
2, 3
Let a(m) be the first derivative of -5*m**2/2 - m + 3. Let s be a(3). Let i = s + 28. List the prime factors of i.
2, 3
Let q = 246 + -176. List the prime factors of q.
2, 5, 7
Let z(h) = -h**3 + 5*h**2 - 5*h + 2. Let j = 13 - 9. Let f be z(j). List the prime factors of -2*(f + 0)/1.
2
Let m = 6 + -12. List the prime factors of (72/28)/(m/(-28)).
2, 3
Let b = 19 - 16. Let v = 5 + -3. What are the prime factors of v/b*(2 - -1)?
2
Suppose -i - 6 = 6. List the prime factors of 114/10 - i/(-30).
11
Let s = 29 + -12. Let p = -11 + s. Let h(a) = a**3 - 6*a**2 + a + 4. List the prime factors of h(p).
2, 5
What are the prime factors of (0 - -16)/(6 - 4)?
2
Suppose -13 - 27 = -4*k. Let b = k + 8. List the prime factors of b.
2, 3
Let j = 21 - -47. What are the prime factors of j?
2, 17
Let k be (1 - -1)*10/4. Suppose b = k + 8. List the prime factors of b.
13
Suppose 4*d - 5*r - 29 = 0, 0*d = 2*d - 3*r - 15. Suppose -t - 30 = -d*t. What are the prime factors of t*(-1)/(-2) + 0?
3
Let n(s) = -s**2 + 5*s + 5. List the prime factors of n(5).
5
Suppose -5*y = -y - 428. Suppose -y = -3*k + 133. Suppose 5*p - k = -0*p. What are the prime factors of p?
2
Let s = 3 + 2. Suppose n - 2 + 10 = -2*p, s*p = -25. What are the prime factors of n?
2
Suppose -17 + 43 = f - 4*r, f = -3*r + 26. List the prime factors of f.
2, 13
Let q be (-2)/10 - 122/(-10). Let s = -7 + q. What are the prime factors of s?
5
Suppose 373 = 5*y - 17. List the prime factors of y.
2, 3, 13
Suppose 3*a = 3*h - 339, a = 4*a - 6. Suppose q - h = -4*q. Suppose 1 = 4*f - q. List the prime factors of f.
2, 3
Let v be (0 - 2/(-1)) + -3. Let p = v + 3. List the prime factors of p.
2
Suppose 8 + 8 = 2*f. Let c = f + 6. List the prime factors of c.
2, 7
Suppose -3*s - 2*s = 0. Suppose -5*c + 20 = -s. Let g = c - 0. What are the prime factors of g?
2
List the prime factors of (-1)/(-1) + -4 - (-171 + 21).
3, 7
Let i(d) be the third derivative of d**4/12 - d**3/6 + 4*d**2. What are the prime factors of i(3)?
5
Let b(d) = -9*d + 2. Let q(i) = -4*i + 1. Let p(g) = -4*b(g) + 7*q(g). Let t be p(-3). List the prime factors of (-2)/5 + (-285)/t.
11
Let w be (-57)/2*8/(-12). Suppose 2*h - w = 5. Suppose 8*k - 4*k = h. List the prime factors of k.
3
Suppose -5*d + 5*k = -70, 4*k = 3*d - 0*k - 38. What are the prime factors of d?
2, 3
Let x(l) = -4*l**3 + 8*l - 6*l**2 + 3 - 7 - 2*l**2 + 5*l**3. What are the prime factors of x(7)?
3
Let q(v) = 4*v**2 + 5*v - 2. List the prime factors of q(-4).
2, 3, 7
Let z(c) = 3*c. Let m be z(4). What are the prime factors of m*(66/9)/2?
2, 11
Let m(t) = t**2 + 5*t - 14. Let h be m(-12). Suppose 2*x - h = -3*x + 3*z, 4*z + 42 = 3*x. What are the prime factors of x?
2, 7
Suppose -4*n + 2*n = -3*r + 282, 393 = 4*r + 3*n. Suppose -m = 2*m - r. List the prime factors of m.
2
Let z(w) = 2*w**3 + w**2 - 8*w - 4. What are the prime factors of z(5)?
3, 7, 11
Let n(g) = 8*g - 1. Let k be n(-1). Let l = k + 11. List the prime factors of l.
2
Let q(i) = 3*i + 1. Let h be q(3). Suppose -2*d + 5*d - 18 = 0. Let n = h - d. What are the prime factors of n?
2
Suppose 2*r - 184 = -2*r. Suppose -2*g = -5*l - 43, -2*g - r = -6*g + 2*l. List the prime factors of g.
3
Let p(b) = 21*b**2 + b. Let h be p(-2). Let m = h + -47. What are the prime factors of m?
5, 7
Suppose -3*b = 5*s - 102, -4*b - s - 3 = -122. Let q = b - 12. What are the prime factors of q?
17
Let c(q) = -9*q - 15. Let a(v) = 4*v + 7. Let f(o) = 5*a(o) + 2*c(o). List the prime factors of f(0).
5
Let g(y) = -y - 1. Let t be g(-2). Suppose -5*h - 2*w + 5 = 0, -12 = 2*h - 4*w + 10. List the prime factors of t - (2 - (-4)/h).
3
Suppose -4*s - 9 = -5*g - 0, 0 = 3*g + 3*s - 27. Suppose -b + g = -0*b. What are the prime factors of b?
5
Let d(y) = 7*y**2 + 0*y + 6*y + 2*y**3 + 2 - y**3. What are the prime factors of d(-6)?
2
Suppose 0 = -5*o + 2*h + 19, 0 = -2*o - 5*h + 2*h. Suppose -o*b = 2*b - 50. What are the prime factors of b?
2, 5
Suppose -85 = -3*p + 77. Suppose 3*r = 2*z - 36 + 92, 2*z = -2*r + p. What are the prime factors of r?
2, 11
Let g(u) = -u**2 - 7*u - 9. Let f be g(-7). Let i(c) = -c - 7. What are the prime factors of i(f)?
2
Let q = -10 - -18. Suppose -4*f + 2*d + 106 = 0, -1 = 2*d + 9. Let j = f - q. List the prime factors of j.
2
Let k be (-42)/5 - 6/(-15). Let p = k - -4. Let v(w) = w**2 + 2*w - 5. What are the prime factors of v(p)?
3
Let n(j) be the first derivative of j**2/2 + 3*j - 3. List the prime factors of n(0).
3
Suppose -25*v - 15 = -20*v. List the prime factors of (-8)/(v/(-36)*-2).
2, 3
Suppose 0 = 5*s - 195 - 35. Suppose z + 5*u - s = 0, -u = 3*z - 6*u - 138. List the prime factors of z.
2, 23
Suppose -s = 4*l + 18, 3*s + 0*l = -l + 1. Suppose -3*g + 19 = 10. Suppose 6*a - a + 14 = g*y, 0 = 5*y + s*a - 13. What are the prime factors of y?
3
Let o = 0 - -32. What are the prime factors of o?
2
Suppose 3*p - 2*p - 4*z + 4 = 0, 0 = -p - 2*z - 10. Let j(v) = -3*v - 2. List the prime factors of j(p).
2, 11
Let t = 2 + 46. Let k = t + -27. What are the prime factors of k?
3, 7
List the prime factors of -14*(-1 + 5 + -11).
2, 7
Let z(r) be the third derivative of -r**4/24 - r**3 + 3*r**2. Suppose -4*c - 40 = -8. List the prime factors of z(c).
2
Suppose c + 128 = 5*c. What are the prime factors of c?
2
Suppose 0 = -j + 2 + 2. Suppose 0 = 4*k + j*z, 3*z + 0*z = -12. List the prime factors of k.
2
Let h = -11 + 43. What are the prime factors of h?
2
Let v(x) = x**3 - 2*x**2 - 3*x + 2. Let j = 14 - 11. List the prime factors of v(j).
2
Suppose -2*j = -4, -116 + 308 = 5*l + j. List the prime factors of l.
2, 19
Let l(k) = -9*k + 5. What are the prime factors of l(-9)?
2, 43
Let v = 15 - 10. Suppose -4*n + v*x + 49 = -110, -2*n + 5*x + 77 = 0. What are the prime factors of n?
41
Suppose 0 = u - 3*u - 5*t + 51, -3*u - 4*t = -80. List the prime factors of u.
2, 7
What are the prime factors of 63 + 18/6 + 1*-3?
3, 7
Let n(s) = s. Let j be n(3). Suppose 3*b - 30 = -q, 0*b - q = -j*b + 36. What are the prime factors of b?
11
List the prime factors of (-9 - -4) + (-1484)/(-4).
2, 3